{"id":1696,"date":"2024-07-10T11:52:31","date_gmt":"2024-07-10T09:52:31","guid":{"rendered":"https:\/\/www.lts-spedition.de\/?page_id=1696"},"modified":"2024-07-10T12:04:27","modified_gmt":"2024-07-10T10:04:27","slug":"impressum","status":"publish","type":"page","link":"https:\/\/www.lts-spedition.de\/index.php\/impressum\/","title":{"rendered":"Impressum"},"content":{"rendered":"\n<div class=\"wp-block-stackable-columns alignfull stk-block-columns stk-block stk-36fcc65 stk-block-background\" data-block-id=\"36fcc65\"><style>.stk-36fcc65{background-color:#0052a0 !important;background-position:center right !important;background-repeat:no-repeat !important;background-size:25% !important;padding-top:0px !important;padding-right:0px !important;padding-bottom:0px !important;padding-left:0px !important;margin-bottom:0px !important}.stk-36fcc65:before{background-color:#0052a0 !important}<\/style><div class=\"stk-row stk-inner-blocks stk-block-content stk-content-align stk-36fcc65-column alignfull\">\n<div class=\"wp-block-stackable-column stk-block-column stk-column stk-block stk-4cc4455 stk-block-background stk--has-background-overlay\" data-v=\"4\" data-block-id=\"4cc4455\"><style>.stk-4cc4455-container{margin-top:0px !important;margin-right:0px !important;margin-bottom:0px !important;margin-left:0px !important;min-height:420px !important}.stk-4cc4455{background-image:url(https:\/\/www.lts-spedition.de\/wp-content\/uploads\/2024\/05\/home-bg1.jpg) !important;padding-top:0px !important;padding-right:0px !important;padding-bottom:0px !important;padding-left:0px !important}<\/style><div class=\"stk-column-wrapper stk-block-column__content stk-container stk-4cc4455-container stk--no-background stk--no-padding\"><div class=\"stk-block-content stk-inner-blocks stk-4cc4455-inner-blocks\"><\/div><\/div><\/div>\n<\/div><\/div>\n\n\n\n<div class=\"wp-block-stackable-spacer stk-block-spacer stk--no-padding stk-block stk-9639251\" data-block-id=\"9639251\"><\/div>\n\n\n\n<div class=\"wp-block-stackable-columns stk-block-columns stk-block stk-3b54d20\" data-block-id=\"3b54d20\"><style>.stk-3b54d20-column{max-width:850px !important}<\/style><div class=\"stk-row stk-inner-blocks stk-block-content stk-content-align stk-3b54d20-column\">\n<div class=\"wp-block-stackable-column stk-block-column stk-column stk-block stk-5d71903\" data-v=\"4\" data-block-id=\"5d71903\"><div class=\"stk-column-wrapper stk-block-column__content stk-container stk-5d71903-container stk--no-background stk--no-padding\"><div class=\"stk-block-content stk-inner-blocks stk-5d71903-inner-blocks\">\n<div class=\"wp-block-stackable-heading stk-block-heading stk-block-heading--v2 stk-block stk-0956e72\" id=\"span-style-color-0052-a-0-class-stk-highlight-impressum-span\" data-block-id=\"0956e72\"><h2 class=\"stk-block-heading__text\"><span style=\"color: #0052a0;\" class=\"stk-highlight\">IMPRESSUM<\/span><\/h2><\/div>\n\n\n\n<h4 class=\"wp-block-heading\" id=\"span-style-color-0052-a-0-class-stk-highlight-impressum-span\"><span style=\"color: #0052a0;\" class=\"stk-highlight\"><strong>Angaben gem\u00e4\u00df \u00a7 5 TMG<\/strong><\/span><\/h4>\n\n\n\n<p id=\"span-style-color-0052-a-0-class-stk-highlight-impressum-span\">LTS Speditions GmbH<br>Am Fuchsbau 4<br>49401 Damme<\/p>\n\n\n\n<p id=\"span-style-color-0052-a-0-class-stk-highlight-impressum-span\">Handelsregister: HRB 110545<br>Registergericht: Amtsgericht Oldenburg<\/p>\n\n\n\n<p id=\"span-style-color-0052-a-0-class-stk-highlight-impressum-span\"><strong>Vertreten durch die Gesch\u00e4ftsf\u00fchrer:<\/strong><br>Franz von Handorff, Jan von Handorff<\/p>\n\n\n\n<h4 class=\"wp-block-heading\"><strong><span style=\"color: #0052a0;\" class=\"stk-highlight\">Kontakt<\/span><\/strong><\/h4>\n\n\n\n<p>Telefon: 0 44 46 \/ 968 40 00<br>Telefax: 0 44 46 \/ 968 40 49<br>E-Mail: dispo@lts-spedition.de<br><\/p>\n\n\n\n<h4 class=\"wp-block-heading\"><strong><span style=\"color: #0052a0;\" class=\"stk-highlight\">Umsatzsteuer<\/span><\/strong><\/h4>\n\n\n\n<p>Umsatzsteuer-Identifikationsnummer gem\u00e4\u00df \u00a727 a Umsatzsteuergesetz:<br>DE117772682<br><\/p>\n\n\n\n<h4 class=\"wp-block-heading\"><strong><span style=\"color: #0052a0;\" class=\"stk-highlight\">Streitschlichtung<\/span><\/strong><\/h4>\n\n\n\n<p>Die Europ\u00e4ische Kommission stellt eine Plattform zur Online-Streitbeilegung (OS) bereit: <a href=\"https:\/\/ec.europa.eu\/consumers\/odr\" target=\"_blank\" rel=\"noreferrer noopener\">https:\/\/ec.europa.eu\/consumers\/odr<\/a>.<br>Unsere E-Mail-Adresse finden Sie oben im Impressum.<\/p>\n\n\n\n<p>Wir sind nicht bereit oder verpflichtet, an Streitbeilegungsverfahren vor einer Verbraucherschlichtungsstelle teilzunehmen.<br><\/p>\n\n\n\n<h5 class=\"wp-block-heading\"><strong><span style=\"color: #0052a0;\" class=\"stk-highlight\">Haftung f\u00fcr Inhalte<\/span><\/strong><\/h5>\n\n\n\n<p>Als Diensteanbieter sind wir gem\u00e4\u00df \u00a7 7 Abs.1 TMG f\u00fcr eigene Inhalte auf diesen Seiten nach den allgemeinen Gesetzen verantwortlich. Nach \u00a7\u00a7 8 bis 10 TMG sind wir als Diensteanbieter jedoch nicht verpflichtet, \u00fcbermittelte oder gespeicherte fremde Informationen zu \u00fcberwachen oder nach Umst\u00e4nden zu forschen, die auf eine rechtswidrige T\u00e4tigkeit hinweisen.<\/p>\n\n\n\n<p>Verpflichtungen zur Entfernung oder Sperrung der Nutzung von Informationen nach den allgemeinen Gesetzen bleiben hiervon unber\u00fchrt. Eine diesbez\u00fcgliche Haftung ist jedoch erst ab dem Zeitpunkt der Kenntnis einer konkreten Rechtsverletzung m\u00f6glich. Bei Bekanntwerden von entsprechenden Rechtsverletzungen werden wir diese Inhalte umgehend entfernen.<br><\/p>\n\n\n\n<h5 class=\"wp-block-heading\"><span style=\"color: #0052a0;\" class=\"stk-highlight\"><strong>Haftung f\u00fcr Links<\/strong><\/span><\/h5>\n\n\n\n<p>Unser Angebot enth\u00e4lt Links zu externen Websites Dritter, auf deren Inhalte wir keinen Einfluss haben. Deshalb k\u00f6nnen wir f\u00fcr diese fremden Inhalte auch keine Gew\u00e4hr \u00fcbernehmen. F\u00fcr die Inhalte der verlinkten Seiten ist stets der jeweilige Anbieter oder Betreiber der Seiten verantwortlich. Die verlinkten Seiten wurden zum Zeitpunkt der Verlinkung auf m\u00f6gliche Rechtsverst\u00f6\u00dfe \u00fcberpr\u00fcft. Rechtswidrige Inhalte waren zum Zeitpunkt der Verlinkung nicht erkennbar.<\/p>\n\n\n\n<p>Eine permanente inhaltliche Kontrolle der verlinkten Seiten ist jedoch ohne konkrete Anhaltspunkte einer Rechtsverletzung nicht zumutbar. Bei Bekanntwerden von Rechtsverletzungen werden wir derartige Links umgehend entfernen.<br><\/p>\n\n\n\n<h5 class=\"wp-block-heading\"><span style=\"color: #0052a0;\" class=\"stk-highlight\"><strong>Urheberrecht<\/strong><\/span><\/h5>\n\n\n\n<p>Die durch die Seitenbetreiber erstellten Inhalte und Werke auf diesen Seiten unterliegen dem deutschen Urheberrecht. Die Vervielf\u00e4ltigung, Bearbeitung, Verbreitung und jede Art der Verwertung au\u00dferhalb der Grenzen des Urheberrechtes bed\u00fcrfen der schriftlichen Zustimmung des jeweiligen Autors bzw. Erstellers. Downloads und Kopien dieser Seite sind nur f\u00fcr den privaten, nicht kommerziellen Gebrauch gestattet.<\/p>\n\n\n\n<p>Soweit die Inhalte auf dieser Seite nicht vom Betreiber erstellt wurden, werden die Urheberrechte Dritter beachtet. Insbesondere werden Inhalte Dritter als solche gekennzeichnet. Sollten Sie trotzdem auf eine Urheberrechtsverletzung aufmerksam werden, bitten wir um einen entsprechenden Hinweis. Bei Bekanntwerden von Rechtsverletzungen werden wir derartige Inhalte umgehend entfernen.<\/p>\n<\/div><\/div><\/div>\n<\/div><\/div>\n\n\n\n<div class=\"wp-block-stackable-spacer stk-block-spacer stk--no-padding stk-block stk-d85e82b\" data-block-id=\"d85e82b\"><\/div>\n","protected":false},"excerpt":{"rendered":"<p>IMPRESSUM Angaben gem\u00e4\u00df \u00a7 5 TMG LTS Speditions GmbHAm Fuchsbau 449401 Damme Handelsregister: HRB 110545Registergericht: Amtsgericht Oldenburg Vertreten durch die Gesch\u00e4ftsf\u00fchrer:Franz von Handorff, Jan von Handorff Kontakt Telefon: 0 44 46 \/ 968 40 00Telefax: 0 44 46 \/ 968 40 49E-Mail: dispo@lts-spedition.de Umsatzsteuer Umsatzsteuer-Identifikationsnummer gem\u00e4\u00df \u00a727 a Umsatzsteuergesetz:DE117772682 Streitschlichtung Die Europ\u00e4ische Kommission stellt eine [&hellip;]<\/p>\n","protected":false},"author":1,"featured_media":0,"parent":0,"menu_order":0,"comment_status":"closed","ping_status":"closed","template":"","meta":{"footnotes":""},"class_list":["post-1696","page","type-page","status-publish","hentry"],"blocksy_meta":[],"_links":{"self":[{"href":"https:\/\/www.lts-spedition.de\/index.php\/wp-json\/wp\/v2\/pages\/1696","targetHints":{"allow":["GET"]}}],"collection":[{"href":"https:\/\/www.lts-spedition.de\/index.php\/wp-json\/wp\/v2\/pages"}],"about":[{"href":"https:\/\/www.lts-spedition.de\/index.php\/wp-json\/wp\/v2\/types\/page"}],"author":[{"embeddable":true,"href":"https:\/\/www.lts-spedition.de\/index.php\/wp-json\/wp\/v2\/users\/1"}],"replies":[{"embeddable":true,"href":"https:\/\/www.lts-spedition.de\/index.php\/wp-json\/wp\/v2\/comments?post=1696"}],"version-history":[{"count":0,"href":"https:\/\/www.lts-spedition.de\/index.php\/wp-json\/wp\/v2\/pages\/1696\/revisions"}],"wp:attachment":[{"href":"https:\/\/www.lts-spedition.de\/index.php\/wp-json\/wp\/v2\/media?parent=1696"}],"curies":[{"name":"wp","href":"https:\/\/api.w.org\/{rel}","templated":true}]}}